**2 + 5*d - 7. Let a(k) = k**3 - 4*k**2 - 4*k + 6. Let w(r) = 6*a(r) + 5*g(r). What is w(0)?
1
Let r(d) = -d - 2. Let g(b) = -10. Let u(c) = -g(c) + 2*r(c). Let m = 5 + -1. Calculate u(m).
-2
Let j(s) be the first derivative of 4 + 2*s + s**3 + 3/2*s**2. Suppose 0*g = 4*g + 8. What is j(g)?
8
Suppose 0 = 8*s + 14 + 74. Let i(y) = y + 5. What is i(s)?
-6
Let h(b) = -b - 3. Let y be h(-5). Suppose 0 = -7*p + y*p. Let j(s) = -85 + s + p*s + 87. Calculate j(-4).
-2
Let n = -14 + 19. Suppose -5*s + 4*j + 18 = -2, n*j = 4*s - 7. Let b(x) = -2*x - 6 + x**2 + s - 3*x + 3*x. Calculate b(4).
10
Suppose -5 = -k - 2. Let s be (-2)/((-30)/20*3/9). Let m(w) = 4*w + 26 - w**k + 26 - 50 - s*w**2. What is m(-5)?
7
Let v(b) = -b**3 - 5*b**2 + 1. Let j be 4/(-3) - (-4)/3. Suppose 4*w + 2*f + 23 - 1 = j, 5*w - 2*f + 14 = 0. What is v(w)?
-15
Let z be ((-11)/(-55))/((-11)/165). Let w(p) be the second derivative of -p**3/6 - p**2/2 + p. Give w(z).
2
Let g(a) = 8*a + 2. Let h = -1032 - -1031. Give g(h).
-6
Let w(s) = 2*s**3 - 4*s + 3. Let p be ((-154)/42)/((-2)/12). Let n = 24 - p. Give w(n).
11
Let z(h) = -6*h - 4. Let o(w) = w - 2. Let k be o(6). Let y be (4 + -2)*(-6)/k. Determine z(y).
14
Let t(d) be the third derivative of d**6/120 - d**5/12 + d**4/8 + 2*d**3/3 - 7*d**2. Let o(b) = -b**2 + 7. Let a be o(2). Determine t(a).
-5
Let m(o) be the first derivative of 2*o + 11 - o**2 - o**3 + 1/4*o**4. Give m(3).
-4
Let b(r) be the first derivative of -1/4*r**4 - 1/3*r**3 + 0*r**2 - 1 + 9*r. Give b(0).
9
Let g = 25 + -22. Let b(h) = 2 - 2*h - 2 + h**2 - h. Give b(g).
0
Suppose 0 = 87*o - 807 + 285. Let i(g) = g - 4. Calculate i(o).
2
Let y(v) = -v**2 - 4*v + 2. Suppose u = -3*d + d + 2, 4*u = -d + 1. Suppose -5*a = 9 + 11, u = 5*o + 4*a + 41. What is y(o)?
-3
Let s(j) = 4*j + 3. Let t = 51 + -48. Suppose -t = -6*q + 5*q. Give s(q).
15
Let i(k) = k**3 + 4*k**2 - 5*k - 7. Let u = 429 - 434. What is i(u)?
-7
Let s = -21 + 15. Let r(i) = i - 6 - 5*i + 8 - 3*i**3 + 2*i + 6*i**2 + 4*i**3. Calculate r(s).
14
Let d(g) = -5*g**2 + 2*g - 11. Let v(c) = 4*c**2 - c + 9. Let k(f) = 2*d(f) + 3*v(f). Determine k(-4).
33
Let b(x) = 19*x**3 + 3*x**2 + 14*x + 23. Let l(h) = 12*h**3 + 2*h**2 + 9*h + 15. Let n(r) = -5*b(r) + 8*l(r). Determine n(0).
5
Let u(f) = -f**3 + 5*f**2 - 3*f + 3. Let o(p) = -p**2 + 15*p - 1. Let i = -7 + 21. Let w be o(i). Suppose -3*l = g + 1, 5*g - g = 5*l + w. Give u(g).
9
Suppose 0*m = m - 2. Suppose -22 = 5*d - m. Let t(o) = -o**2 - 4*o - 2. Give t(d).
-2
Let i be -8 - (-10)/(-4)*144/(-180). Let q(j) = 3*j + 20. Calculate q(i).
2
Suppose 35 = -5*i - 4*u, -3*i - 3 = -u + 1. Let d(o) be the second derivative of o**3/6 - 6*o - 4. Give d(i).
-3
Let b(f) = -14*f**3 - f**2 - 2*f - 1. Let y = -1 - -6. Suppose -2*s = 2*u - 4, 4*s - 6 = y*u + s. Suppose 0 = -m + 2*l - u*l + 1, 0 = -3*l - 3. Calculate b(m).
14
Let l(b) = 5*b - 3. Let t(q) = q + 1. Let o(m) = l(m) + 2*t(m). Let v = 2 - 1. Give o(v).
6
Let l(h) = 6*h + 3*h - 6*h - 14 - 8*h - 45. Give l(-11).
-4
Suppose 4 = -4*p + 2*p, 4*z + 4*p = 48. Let n(t) = -z*t + t**2 + 16*t - 6*t - 6. Let i = 12 - 6. Determine n(i).
6
Let m(v) = 3*v. Let b(n) be the first derivative of -13*n**2/2 + n - 26. Let y(q) = 2*b(q) + 9*m(q). Determine y(5).
7
Let r(a) = -a**3 + 7*a**2 + 2*a - 9. Let x(w) = 4*w**2 + 16*w + 19. Let b be x(-3). Let c be 99/15 - 2/(-5). Suppose -b - c = -2*o. Calculate r(o).
5
Let a(q) be the third derivative of q**4/24 - 5*q**3/3 + 340*q**2 + q. Determine a(-4).
-14
Let t = 52 - 49. Suppose t*o = -2*o - 30. Let h(r) = -r**2 + 6*r - 1. Let g(y) = -6*y**2 + 31*y - 4. Let d(p) = 4*g(p) - 22*h(p). Determine d(o).
-18
Suppose -19*h - 107 + 12 = 0. Let y(t) = t + 6. Determine y(h).
1
Suppose 4*p - 22 = f, -3*p - 2*p + 4*f = -33. Suppose h - p = -0. Let k(w) = -2*w - 1 + 5*w + 5*w**2 - 2*w - w**3. Give k(h).
4
Let c(h) = -h + 5. Suppose -32 + 142 = 5*d. Suppose 0 = -4*z - 5*f + 35, -3*z = -z + 4*f - d. Calculate c(z).
0
Let w(g) = g**3 + 8*g**2 - 2*g. Let y(t) = 3*t**3 + 23*t**2 - 4*t. Let i(x) = 8*w(x) - 3*y(x). Let j = 6 - 9. Give i(j).
-6
Let i = 4 - 6. Let a(n) be the third derivative of -1/3*n**3 + 0*n + 0 - 2*n**2 - 1/24*n**4. Determine a(i).
0
Suppose -18 + 63 = -5*h - 4*d, 4*d + 20 = 0. Let q(j) = j**3 + 4*j**2 - 3*j + 4. Determine q(h).
-6
Let l(w) = -w - 6. Let s be l(-3). Let t(m) be the third derivative of -m**4/24 - m**3/6 - 3*m**2. What is t(s)?
2
Let t(s) = s - 3. Let m = -41 - -43. Suppose m*j - 7 = -b + 8, 4*b - 5 = 3*j. What is t(j)?
2
Suppose -2*g = -0 + 2. Let u(m) = 9*m. Let v(a) = 4*a. Let t(y) = -3*u(y) + 7*v(y). Let b(r) = -r. Let c(k) = -b(k) - 2*t(k). Determine c(g).
1
Let h = 39 - 40. Let z(b) = -17*b**2 + b + 1. Determine z(h).
-17
Let a(d) = 3*d - 69982*d**2 + 69984*d**2 + 4 - 1. Determine a(3).
30
Let d(j) be the first derivative of -j**3/3 + j**2 + 4*j - 662. Determine d(-5).
-31
Let o(t) = t**3 + 2*t**2 - 1. Let w(r) = -5*r**3 - 14*r**2 + 6*r + 1. Let s(j) = -4*o(j) - w(j). Give s(-6).
39
Let p(t) = -7*t**3 + 6*t**2 + 4*t + 1. Let c(s) = 5*s**3 - 6*s**2 - 4*s - 1. Let y(r) = -5*c(r) - 4*p(r). What is y(-2)?
-7
Let g(m) be the second derivative of -m**5/20 - m**4/4 - m**3/6 - m**2/2 - 2*m. Let t(y) = y**3 + y**2 + 2. Let v = 15 - 17. Let i be t(v). Give g(i).
-3
Let l(t) = t**3 - 2*t**2 + t. Let a(k) = -6*k**3 + 7*k**2 - 5*k - 15. Let h(u) = -a(u) - 7*l(u). Give h(7).
1
Let m(z) = -z**3 - 7*z**2 - 7*z - 4. Let o be (-2*2)/(14/7). Let f be 23 - o*1/(-2). Suppose -19 = 4*b - 2*p + 1, -4*p + f = -5*b. Give m(b).
2
Let u be (-6 - 0)/(9/12). Let o(x) = -x**2 - 10*x - 9. Let d be o(u). Suppose d - 19 = -4*r. Let g(m) = -4*m + 2. Give g(r).
-10
Suppose -3*f + y = -3*y - 14, -f + 5*y - 10 = 0. Let m(g) = -2*g + 6. Calculate m(f).
-14
Suppose -40 = -60*q + 70*q. Let c(z) = -z**3 - 6*z**2 - 4*z - 6. What is c(q)?
-22
Let s(l) be the first derivative of -l**2/2 + 3*l + 1. Suppose -93*m - 5 = -97*m + n, 5*m - 5*n = 25. Determine s(m).
3
Let s = -285 - -282. Let n(b) be the first derivative of -2*b**3/3 - 5*b**2/2 - 2*b + 5. Calculate n(s).
-5
Let s(f) = -6*f - 9*f**2 + 4*f**2 + 20 + 4*f**2. Let q be s(-9). Let t(w) = -w**2 - 10*w - 10. What is t(q)?
11
Let o(p) = -1 + 4 - 3 + 2 + 2*p - 1. Suppose m + 3 = 4*m. Calculate o(m).
3
Suppose -4*i - 4 - 16 = 0, 0 = o - i - 7. Let h(t) = o - 1 - 3*t + t + 0 + 7*t**3 + t**2. Suppose 2*y + 4 = -2*g, -3*g + g - 10 = 4*y. Calculate h(g).
7
Let z(u) = 5*u + 2. Let v be z(1). Let r(p) = 40*p - 4. Let y(a) = 1 - 81*a + 0 + 68*a. Let d(x) = v*y(x) + 2*r(x). Calculate d(-1).
10
Let l(j) = j**2 + 56*j + 155. Let h be l(-3). Let f(r) = 2*r**3 + 7*r**2 - 2*r + 3. Determine f(h).
-5
Let a(q) = -q**2 - 7*q - 7. Let l = -4 - 2. Suppose 5*m = m - 4. Let b = l - m. Give a(b).
3
Let m(p) = 6*p - 4*p + 5 - 2*p - 42 - 3*p. Calculate m(-11).
-4
Suppose 0 = k + 4*b + 4, -k + 2*b + 7 = 5. Let i(u) = -6*u + 4. Let c(x) = -7*x + 3. Let s(p) = 5*c(p) - 6*i(p). What is s(k)?
-9
Suppose -2*y + n = -7, -2*y + 4*n - 32 = -6*y. Let b(u) = -u - 7. Let k = 4 - 3. Let t(o) = -1. Let c(w) = k*b(w) - 5*t(w). Determine c(y).
-7
Let f(l) = -l**3 + 1. Let k(a) = 6*a**2 - 13*a**2 + 5*a**2 + 3*a**3 + 0*a**3 + 3*a. Let w(v) = 4*f(v) + k(v). Calculate w(-3).
4
Let u(t) = -t - 3. Suppose -6 = -5*i + 44. Let c be ((-4)/i)/((-6)/(-30)). Calculate u(c).
-1
Let u(c) = -c**3 + 10*c**2 + c - 7. Let f(i) = -5*i - 30. Let g be f(-6). Let y be ((-16)/20 - g)/((-4)/50). Determine u(y).
3
Let t(a) = a + 8. Suppose -2*z - 12 = -3*v, -v + 34 = -4*z - 0*v. What is t(z)?
-1
Let v(c) = 2*c**3 + 3*c. Suppose -d + 27 = 3*l - 6*d, -l = d - 1. Let w(o) = -3*o**3 - 4*o. Let g(f) = l*w(f) + 5*v(f). What is g(-1)?
3
Let n(k) = -3*k**2 - 3*k - 1. Let a(v) = -13*v**2 - 11*v - 4. Let b(u) = -a(u) + 4*n(u). Let r be 2/(-4)*-1*6. What is b(r)?
6
Let u(q) = 2*q - 3. Let g(i) = -5*i + 10. Let h(b) = 3*g(b) + 8*u(b). Suppose -364*a + 75*a - 2167 + 433 = 0. Give h(a).
0
Let i(w) = -5*w + 4. Let j be 4 - (-282)/6 - 1*3. Let n = 45 - j. Give i(n).
19
Let n(r) = r**2 - 5. Let s be n(4). Let q = s + -6. Let k(w) = 4 + q*w - w**3 - w - 2*w - 4*w**2. Give k(-4).
-4
Let l(n) = -n + 14. Suppose m = -q + 16, 5*q + 14 = 5*m + 44. Calculate l(q).
3
Let g(n) = 211 - 6*n - 73 - 65 - 70. What is g(12)?
-69
Let j(p) = -p**3 + 4*p**2 + 3. Le